t is n(-9)?
5
Let n(y) = -y**3 + 93*y**2 + 772*y + 14890. Give n(102).
-2
Let l(c) = c**3 - 4*c**2 - 11*c + 19. Calculate l(2).
-11
Let h(v) = v**3 - 9*v**2 - 8*v + 24. Determine h(10).
44
Let s(d) = -d**3 - 5*d**2 - 28*d - 215. Calculate s(-6).
-11
Let b(f) = -2*f**2 - 3112*f - 18623. Determine b(-6).
-23
Let x(c) = -7*c**2 + 8*c + 13. Calculate x(3).
-26
Let l(t) = -37*t - 22. Calculate l(-5).
163
Let p(c) = -254*c + 3561. Calculate p(15).
-249
Let l(v) = -77*v + 243. Give l(3).
12
Let k(y) = -57*y - 454. Calculate k(-7).
-55
Let b(g) = -30*g + 250. What is b(10)?
-50
Let j(b) = 83*b + 1082. Give j(-13).
3
Let o(s) = 9*s**2 - 18*s + 26. Give o(2).
26
Let j(a) = -a**3 - 16*a**2 + 35*a + 518. Give j(-16).
-42
Let l(d) = 2*d**3 + 24*d**2 - 19*d - 239. Give l(-12).
-11
Let k(l) = -l + 20. Calculate k(21).
-1
Let c(q) = q**3 - 22*q**2 + 14*q + 23. Determine c(21).
-124
Let z(o) = 51*o + 88. Determine z(-3).
-65
Let t(s) = s**3 + 10*s**2 - 447*s - 3671. Determine t(-8).
33
Let v(a) = -73*a + 1430. What is v(17)?
189
Let w(y) = -89*y + 1155. Determine w(9).
354
Let n(h) = -55*h + 11. What is n(2)?
-99
Let q(x) = 7*x - 50. Give q(12).
34
Let w(o) = 8856*o - 53147. What is w(6)?
-11
Let l(b) = -b**3 - 200*b**2 - 13*b + 37006. Give l(-199).
-8
Let l(w) = -6*w + 137. What is l(25)?
-13
Let i(l) = 72*l**2 + 718*l - 18. Give i(-10).
2
Let g(y) = -101*y - 350. Give g(-3).
-47
Let g(z) = 199*z**2 - 12*z + 13. Give g(1).
200
Let f(c) = -211*c - 604. Calculate f(-3).
29
Let l(u) = -u**3 + 2*u**2 + 16*u - 25. Give l(6).
-73
Let j(h) = -124*h**2 - 4213*h + 97. Give j(-34).
-5
Let p(k) = k**3 + 28*k**2 + 81*k + 11. Calculate p(-25).
-139
Let d(t) = -t**3 + 2*t**2 + 51*t - 110. Give d(7).
2
Let k(a) = -2*a**3 + 11*a**2 + 58*a + 22. Determine k(-3).
1
Let n(h) = -34*h**2 + 220*h + 7. Determine n(6).
103
Let o(u) = -7*u**2 - 797*u + 119. Determine o(-114).
5
Let x(m) = 36*m - 535. Determine x(12).
-103
Let c(j) = -13*j**2 + 102*j + 22. What is c(8)?
6
Let i(p) = -70*p + 566. Determine i(8).
6
Let s(i) = 642*i + 1277. Determine s(-2).
-7
Let d(r) = -r**3 + 261*r**2 - 3694*r + 66. Give d(15).
6
Let f(z) = z**3 + 167*z**2 + 5*z + 830. Determine f(-167).
-5
Let c(x) = -9*x**2 + 51*x + 387. Give c(10).
-3
Let r(s) = -64*s - 3856. What is r(-54)?
-400
Let m(i) = i**2 + 5468*i - 60282. What is m(11)?
-13
Let s(k) = -4793*k + 47946. What is s(10)?
16
Let d(c) = -57*c + 16582. What is d(291)?
-5
Let o(p) = p**3 - 7*p**2 - 12*p + 26. Give o(8).
-6
Let n(s) = 3*s**2 - 10*s - 19. What is n(-7)?
198
Let i(o) = 13*o**2 - 91*o + 20. Give i(8).
124
Let s(w) = -2*w**3 - 23*w**2 + 71*w + 756. Calculate s(-12).
48
Let b(j) = j**3 + 17*j**2 + 30*j + 9. What is b(-15)?
9
Let g(d) = 141*d + 874. Calculate g(-6).
28
Let x(l) = -2*l**3 + l**2 - 5*l - 187. What is x(-8)?
941
Let f(h) = -h**3 - 9*h**2 + 2*h + 21. Determine f(-9).
3
Let b(u) = -u**3 + 16*u**2 + 60*u - 14. Calculate b(19).
43
Let s(v) = -v**3 - 4*v**2 + 106*v + 423. Determine s(-4).
-1
Let j(y) = y**3 + 11*y**2 - 2*y + 45. Determine j(-13).
-267
Let i(m) = 2*m**3 + 7*m**2 + 12*m + 64. What is i(-5)?
-71
Let f(n) = 1239*n - 40877. Give f(33).
10
Let r(m) = 374*m**2 + 375*m. What is r(-1)?
-1
Let j(v) = v**3 + 5*v**2 - 23*v - 101. Calculate j(-4).
7
Let k(c) = 30*c**2 - 8*c + 7. Determine k(1).
29
Let n(d) = d**3 + 45*d**2 + 510*d + 42. Calculate n(-23).
-50
Let g(f) = 3*f**2 + 351*f - 349. What is g(-118)?
5
Let u(t) = -t - 85. Give u(-68).
-17
Let t(p) = 33*p**3 + 4*p**2 + 7*p + 2. Give t(-1).
-34
Let t(r) = -r**3 - 12*r**2 - 12*r + 28. What is t(-13)?
353
Let l(x) = -50*x - 2050. Determine l(-41).
0
Let w(d) = 355*d - 2128. Determine w(6).
2
Let o(t) = -6*t + 463. Determine o(72).
31
Let d(h) = 2*h**3 - 16*h**2 - 6*h - 19. What is d(8)?
-67
Let i(p) = -10*p - 705. Give i(-74).
35
Let c(b) = 104*b + 775. Calculate c(-7).
47
Let a(w) = -w**3 + 7*w**2 + 148*w + 10. Give a(15).
430
Let o(s) = 114*s + 14479. What is o(-127)?
1
Let j(d) = d**3 + 20*d**2 - 36*d + 97. Determine j(-22).
-79
Let w(j) = -j**3 + 9*j**2 - 26*j + 17. Calculate w(7).
-67
Let c(t) = 2*t + 15. Give c(12).
39
Let s(w) = -2*w**2 + 270*w - 3789. Calculate s(119).
19
Let k(t) = -t - 233. Determine k(-22).
-211
Let c(d) = -d**3 - 12*d**2 - 80*d - 968. Give c(-12).
-8
Let u(l) = -15*l**2 - 4*l + 79. Calculate u(-3).
-44
Let m(l) = 1176*l + 4733. Calculate m(-4).
29
Let t(n) = 5*n**3 - 4*n**2 - 30*n + 70. Determine t(2).
34
Let o(a) = -9*a - 304. Give o(-18).
-142
Let z(k) = -408*k - 6043. Determine z(-15).
77
Let m(k) = 15*k + 23. Determine m(51).
788
Let x(w) = -122*w + 3070. What is x(26)?
-102
Let r(b) = -156*b**2 + 54*b - 108. What is r(2)?
-624
Let c(k) = -k**2 + 22*k - 133. Determine c(23).
-156
Let s(v) = -101*v - 100. What is s(-6)?
506
Let c(m) = 127*m - 132. Calculate c(3).
249
Let z(h) = 225*h - 2471. What is z(11)?
4
Let o(n) = -n**3 - 21*n**2 - 101*n + 9. What is o(-7)?
30
Let i(u) = -36*u**2 + 686*u - 88. Determine i(19).
-50
Let u(o) = -14729*o - 73645. What is u(-5)?
0
Let r(q) = 27*q - 46. Give r(10).
224
Let f(w) = 31*w**2 - 5*w - 5. Calculate f(-2).
129
Let c(s) = 54*s**3 - 3*s - 3. What is c(-1)?
-54
Let o(y) = 10*y - 137. Determine o(23).
93
Let v(t) = 116*t + 1049. Determine v(-9).
5
Let r(n) = 19*n - 15. Give r(4).
61
Let f(a) = -35*a + 4. Determine f(9).
-311
Let x(z) = 1014*z + 1014. Determine x(-1).
0
Let a(p) = -2*p**2 - 125*p + 260. What is a(-61)?
443
Let d(b) = -26*b**2 + 751*b + 94. What is d(29)?
7
Let n(w) = -256*w - 2032. Calculate n(-8).
16
Let t(n) = -1047*n - 12572. What is t(-12)?
-8
Let b(d) = d**3 + 12*d**2 + 20*d + 14. Calculate b(-9).
77
Let a(o) = -2*o**2 - 147*o - 360. Determine a(-71).
-5
Let g(v) = -5136*v - 41098. What is g(-8)?
-10
Let j(a) = 1641*a + 5010. Determine j(-3).
87
Let n(c) = c**2 - 86*c - 3481. What is n(-30)?
-1
Let y(l) = l**2 + 17*l + 343. Determine y(-14).
301
Let o(y) = -y**3 + 136*y**2 - 383*y - 2119. Calculate o(133).
9
Let i(m) = -m**3 - 17*m**2 - 12*m - 84. Calculate i(-18).
456
Let f(q) = -65*q - 921. What is f(-13)?
-76
Let x(c) = 2342*c + 37461. Give x(-16).
-11
Let c(w) = -136*w**2 - 2448*w + 7. Determine c(-18).
7
Let f(m) = -5*m**3 - 661*m**2 - 126*m + 794. What is f(-132)?
2
Let z(i) = -25*i - 253. Give z(2).
-303
Let b(d) = -d**3 + 36*d**2 - 16*d - 645. What is b(35)?
20
Let b(t) = -275*t**2 + 1375*t + 7. Calculate b(5).
7
Let s(j) = j**3 - 6*j**2 - 55*j + 7. Determine s(11).
7
Let d(a) = -a**2 + 61*a - 909. Calculate d(27).
9
Let o(k) = 88*k**2 - 60*k + 59. What is o(1)?
87
Let s(j) = -2*j**2 + 210*j - 200. Give s(104).
8
Let v(u) = u**3 + 2*u**2 + 8*u + 4. Give v(-6).
-188
Let c(f) = -2*f**3 - 143*f**2 - 216*f - 426. Determine c(-70).
-6
Let f(r) = -40*r**2 + 105*r - 261. Calculate f(4).
-481
Let a(c) = -c**2 + 67*c + 373. Determine a(72).
13
Let m(r) = -370*r + 4054. Determine m(11).
-16
Let k(l) = -24*l + 309. Give k(16).
-75
Let w(k) = -65*k + 3509. What is w(54)?
-1
Let i(y) = -y**2 - 7*y. What is i(4)?
-44
Let d(y) = y**2 - 2*y - 80. Determine d(-9).
19
Let c(j) = 12*j + 228. Calculate c(-12).
84
Let i(j) = 9*j + 103. What is i(-14)?
-23
Let m(r) = 156*r + 124. Determine m(-1).
-32
Let b(h) = -533*h - 83676. Determine b(-157).
5
Let u(a) = -3*a**3 - 130*a**2 - 48*a - 207. Give u(-43).
8
Let h(y) = 4*y**2 + 32*y - 8. Give h(-8).
-8
Let t(r) = -2*r**3 - 28*r**2 + 27*r - 28. Give t(-15).
17
Let p(k) = k**2 - 32*k - 86. Calculate p(34).
-18
Let r(g) = g**3 - 9*g**2 - 10*g - 10. What is r(4)?
-130
Let d(t) = 300*t**2 - 618*t + 23. Determine d(2).
-13
Let r(b) = -b**3 - 54*b**2 + 243*b + 628. Calculate r(-58).
-10
Let w(q) = -98*q - 3717. Determine w(-38).
7
Let d(h) = -26*h**3 - 309*h**2 + 35*h + 17. Calculate d(-12).
29
Let w(q) = -5*q**2 + 17*q + 897. Determine w(15).
27
Let w(x) = -4*x**3 + 122*x**2 - 43*x - 97. Give w(30).
413
Let l(a) = -74*a - 2660. What is l(-35)?
-70
Let v(j) = j**3 - 44*j**2 - 10*j + 444. Calculate v(44).
4
Let j(m) = 91*m + 3970. What is j(-44)?
-34
Let k(v) = -23*v - 307. Determine k(-13).
-8
Let m(p) = 35*p**3 + 2*p**2 - 557*p + 555. Give m(1).
35
Let n(q) = 443*q + 9273. What is n(-21)?
-30
Let m(c) = c**2 - 9*c - 234. Give m(-11).
-14
Let z(v) = -7*v**2 - 14*v - 42. Give z(-3).
-63
Let w(u) = 2*u**3 - 269*u**2 - 406*u - 297. Determine w(136).
-25
Le